rime number?
False
Is 32366663 composite?
True
Is 142661231 a prime number?
True
Is 40501 a composite number?
True
Is 20263561 prime?
True
Is 627649 composite?
True
Is 3233215 composite?
True
Is 6443566 a prime number?
False
Is 601423 a composite number?
False
Is 1085555 a composite number?
True
Is 406778665 a composite number?
True
Is 30628211 a prime number?
False
Is 322319 composite?
False
Is 7219437 prime?
False
Is 9146633 composite?
False
Is 6768631 a prime number?
True
Is 20933947 a prime number?
True
Is 302387 a prime number?
False
Is 4736143 a prime number?
False
Is 1095631 a composite number?
False
Is 11704027 a prime number?
True
Is 96803023 a composite number?
False
Is 12185902 prime?
False
Is 147267691 a composite number?
True
Is 284034683 composite?
False
Is 139899619 prime?
False
Is 7191911 prime?
True
Is 2228077 a prime number?
True
Is 80188601 a prime number?
False
Is 83372867 a prime number?
True
Is 81509795 composite?
True
Is 114403369 a prime number?
True
Is 418201 a composite number?
True
Is 96841679 a prime number?
False
Is 12840351 prime?
False
Is 3420809 a prime number?
False
Is 321531445 a prime number?
False
Is 3756761 prime?
False
Is 8671697 composite?
False
Is 761029 prime?
False
Is 193196359 prime?
True
Is 52890121 prime?
True
Is 1756219 a composite number?
True
Is 300963803 composite?
True
Is 81290087 a composite number?
False
Is 2153839 a prime number?
True
Is 6234707 a composite number?
True
Is 407677679 a composite number?
True
Is 48451855 composite?
True
Is 277766 a composite number?
True
Is 40727603 a composite number?
True
Is 35480177 composite?
False
Is 17494661 a prime number?
True
Is 6292253 prime?
False
Is 600727 a composite number?
False
Is 15490703 composite?
True
Is 55616713 prime?
True
Is 4045523 a composite number?
False
Is 104162 a composite number?
True
Is 18900643 composite?
True
Is 81271283 a composite number?
True
Is 1497606557 a prime number?
True
Is 207662911 prime?
True
Is 1258505 a prime number?
False
Is 922485545 a composite number?
True
Is 7873351 composite?
False
Is 985799 composite?
False
Is 1264897 a composite number?
False
Is 6484537 a composite number?
True
Is 2208515 a prime number?
False
Is 4545095 a prime number?
False
Is 163592027 a prime number?
True
Is 169783349 composite?
True
Is 17929853 composite?
False
Is 17089283 a composite number?
True
Is 28395113 a prime number?
True
Is 25384579 composite?
True
Is 348389798 prime?
False
Is 1915783 prime?
False
Is 1376666 composite?
True
Is 84777881 prime?
True
Is 194421917 composite?
False
Is 365365409 prime?
True
Is 47624197 a composite number?
False
Is 326207027 a prime number?
True
Is 12099355 prime?
False
Is 10688191 composite?
False
Is 20941779 a composite number?
True
Is 507461 a composite number?
False
Is 750288137 a composite number?
False
Is 15288029 a prime number?
True
Is 20399039 prime?
True
Is 52289 a prime number?
True
Is 6920611 a composite number?
True
Is 26538607 composite?
True
Is 67405583 a composite number?
True
Is 125505041 a prime number?
False
Is 45321499 a prime number?
False
Is 33267677 a prime number?
False
Is 7707307 a prime number?
False
Is 1162783213 prime?
True
Is 27395437 composite?
False
Is 1459097 a prime number?
False
Is 374911837 a prime number?
False
Is 810646 composite?
True
Is 4535437 composite?
False
Is 5778329 a composite number?
False
Is 8924341 prime?
True
Is 3302319 prime?
False
Is 10459429 a prime number?
True
Is 5329319 a prime number?
True
Is 1754580381 a prime number?
False
Is 179713 composite?
True
Is 163023391 prime?
False
Is 2745079 a prime number?
False
Is 812438461 a composite number?
True
Is 15655603 composite?
False
Is 24591641 composite?
False
Is 1631401 composite?
True
Is 1310893 a prime number?
False
Is 17684558 a composite number?
True
Is 263788471 a prime number?
True
Is 48293789 prime?
False
Is 62793527 a composite number?
False
Is 13983049 composite?
False
Is 70835033 a composite number?
False
Is 67678043 a prime number?
True
Is 465114823 a composite number?
True
Is 5600359 composite?
False
Is 145594217 composite?
False
Is 6638 a composite number?
True
Is 236609 composite?
False
Is 153181811 composite?
True
Is 151680143 a prime number?
True
Is 4064299 composite?
False
Is 4143101 composite?
False
Is 179986853 a prime number?
True
Is 601033357 prime?
True
Is 54250759 a composite number?
True
Is 7404337 prime?
True
Is 1513777 a prime number?
True
Is 339363517 composite?
False
Is 105257653 a composite number?
False
Is 18830065 prime?
False
Is 6719863 a prime number?
False
Is 95726297 composite?
False
Is 3674197 composite?
False
Is 180966491 a composite number?
True
Is 2649863 composite?
False
Is 3679553 composite?
True
Is 848251 a composite number?
False
Is 190139959 composite?
True
Is 41172683 a composite number?
False
Is 78157 prime?
True
Is 493919 composite?
False
Is 229547023 a prime number?
True
Is 696931 prime?
False
Is 44153 composite?
True
Is 160692185 prime?
False
Is 18783247 prime?
False
Is 5626441 a composite number?
False
Is 1521977 composite?
True
Is 5065601 a prime number?
True
Is 14959 a prime number?
False
Is 131803862 prime?
False
Is 127768943 a composite number?
True
Is 6868031 prime?
False
Is 124439885 composite?
True
Is 8698397 prime?
True
Is 105745397 a composite number?
True
Is 8776533 prime?
False
Is 285431 composite?
True
Is 57135993 prime?
False
Is 2299597 a prime number?
False
Is 827673623 a prime number?
False
Is 3082597 prime?
False
Is 1483967 a composite number?
False
Is 20999353 a composite number?
True
Is 205994401 composite?
False
Is 4076131 a composite number?
True
Is 197243551 composite?
False
Is 1448171 composite?
False
Is 2325571 a composite number?
False
Is 34772443 prime?
True
Is 54705433 composite?
True
Is 104716453 a composite number?
True
Is 20727223 composite?
True
Is 5170915 a prime number?
False
Is 29962577 composite?
False
Is 22581989 a composite number?
False
Is 36723031 composite?
True
Is 233249743 a composite number?
False
Is 310969 a composite number?
False
Is 115912807 a composite number?
True
Is 425044409 a composite number?
True
Is 834937 a composite number?
True
Is 5680453 composite?
False
Is 2621669 prime?
True
Is 19234585 a composite number?
True
Is 1858306 a composite number?
True
Is 2128673 a composite number?
True
Is 991322437 a composite number?
True
Is 43049759 a prime number?
False
Is 84121133 a prime number?
True
Is 81994013 a composite number?
True
Is 40370107 a composite number?
False
Is 12375145 prime?
False
Is 30159131 prime?
True
Is 1178765815 prime?
False
Is 7579417 prime?
True
Is 25770221 prime?
True
Is 552252761 a composite number?
False
Is 1477391 a prime number?
False
Is 6322681 prime?
True
Is 11026853 composite?
False
Is 199260871 prime?
False
Is 904559 a composite number?
False
Is 208676613 a prime number?
False
Is 68629177 a composite number?
True
Is 3663859 a prime number?
False
Is 3976361 a prime number?
True
Is 13229663 a prime number?
True
Is 16801157 prime?
True
Is 11996801 a prime number?
False
Is 7640861 composite?
False
Is 29907139 composite?
False
Is 604579 a composite number?
False
Is 9693947 composite?
False
Is 73714021 a composite number?
True
Is 90581 a composite number?
True
Is 4345259 composite?
True
Is 20826331 prime?
True
Is 28591969 composite?
True
Is 69787583 prime?
False
Is 39337399 a composite number?
False
Is 11090183 prime?
False
Is 300289 a prime number?
False
Is 56792149 prime?
False
Is 114578447 prime?
True
Is 4586369 prime?
False
Is 6483527 prime?
True
Is 57105119 prime?
True
Is 39394621 a prime number?
False
Is 5401573 a prime number?
False
Is 1280567 a composite number?
False
Is 6779723 composite?
True
Is 1002377 a composite number?
False
Is 1161581 a composite number?
False
Is 5479217 prime?
False
Is 722611 composite?
False
Is 1372297 a composite number?
True
Is 165698921 a prime number?
False
Is 212046339 a prime number?
False
Is 192662761 prime?
True
Is 241804421 a composite number?
False
Is 6893021 a prime number?
False
Is 90462721 prime?
True
Is 19621838 a composite number?
True
Is 6879013 a composite number?
False
Is 150351671 a composite number?
False
Is 365489 a prime number?
True
Is 12714531 a composite number?
True
Is 3733909 prime?
False
Is 5791151 composite?
True